se
Is 10728897 prime?
False
Is 234259 a composite number?
False
Is 678427 prime?
False
Is 68562965 a prime number?
False
Is 1823461 prime?
False
Is 133505 prime?
False
Is 16965997 composite?
False
Is 43930459 composite?
False
Is 60679 composite?
False
Is 15216197 composite?
True
Is 11545153 prime?
True
Is 2057345 a prime number?
False
Is 85308673 a prime number?
True
Is 8266753 a prime number?
False
Is 336977 a composite number?
False
Is 54156337 composite?
False
Is 2532540041 composite?
False
Is 125293547 composite?
False
Is 6022369 composite?
True
Is 3655349 prime?
True
Is 5326649 composite?
True
Is 4363727 a composite number?
True
Is 202998701 a composite number?
False
Is 14505451 composite?
False
Is 14250013 prime?
True
Is 615763 a composite number?
True
Is 127323601 a composite number?
True
Is 99318109 prime?
False
Is 5753171 a composite number?
True
Is 3600986 a prime number?
False
Is 99994457 composite?
True
Is 3666659 a prime number?
True
Is 117395869 a prime number?
True
Is 8943721 a prime number?
False
Is 34664621 composite?
False
Is 366953 composite?
False
Is 2281529 a prime number?
True
Is 6279257 composite?
False
Is 64128223 composite?
True
Is 10905557 a composite number?
True
Is 78622073 composite?
True
Is 5907787 prime?
False
Is 4783339 a prime number?
False
Is 13831835 composite?
True
Is 11137859 composite?
False
Is 4959613 a prime number?
False
Is 96464666 a prime number?
False
Is 26009257 prime?
True
Is 31579181 prime?
True
Is 8736027 a prime number?
False
Is 22817021 prime?
True
Is 115835098 composite?
True
Is 418311209 prime?
True
Is 538113157 a composite number?
False
Is 2941199 a prime number?
True
Is 192821479 prime?
True
Is 45904207 prime?
False
Is 1250309 prime?
True
Is 12613279 composite?
True
Is 2594339 a composite number?
True
Is 26956481 prime?
True
Is 19729421 prime?
True
Is 3433533 a prime number?
False
Is 27883133 prime?
True
Is 17885671 a prime number?
True
Is 13623145 composite?
True
Is 182173841 composite?
True
Is 76923881 composite?
False
Is 37547 composite?
False
Is 23478943 composite?
True
Is 875149 a prime number?
False
Is 1062599 a prime number?
True
Is 76952839 composite?
True
Is 24630371 a composite number?
False
Is 11923286 a composite number?
True
Is 12623557 a composite number?
False
Is 230220047 a composite number?
False
Is 8242007 a prime number?
True
Is 443983 a composite number?
False
Is 13972669 a composite number?
False
Is 123479 a prime number?
True
Is 29911619 a prime number?
False
Is 3668363 a prime number?
False
Is 2573143 prime?
True
Is 3454739 prime?
True
Is 165084707 composite?
False
Is 6930793 composite?
False
Is 6202501 composite?
True
Is 91443727 a prime number?
False
Is 16770419 a prime number?
False
Is 5393107 a composite number?
True
Is 424757 composite?
False
Is 30714491 prime?
True
Is 2909741 prime?
True
Is 157323313 composite?
True
Is 947861827 prime?
False
Is 291675691 prime?
False
Is 12306719 composite?
False
Is 4349053 a prime number?
True
Is 116821183 composite?
True
Is 1005817 a composite number?
True
Is 16327603 composite?
False
Is 10863205 composite?
True
Is 142606847 a composite number?
False
Is 594460707 a prime number?
False
Is 7331591 composite?
False
Is 15900341 a prime number?
True
Is 945179 a prime number?
True
Is 271718561 prime?
False
Is 2014097 a composite number?
False
Is 16041041 prime?
True
Is 42136181 prime?
True
Is 21354353 a composite number?
True
Is 91295023 a composite number?
False
Is 9058187 a composite number?
False
Is 62580503 prime?
True
Is 28269307 prime?
False
Is 12943453 composite?
True
Is 1072103 prime?
True
Is 10767329 a prime number?
False
Is 5229779 a prime number?
False
Is 17947803 prime?
False
Is 1686695 a composite number?
True
Is 196841363 prime?
False
Is 19218859 composite?
True
Is 54752209 a prime number?
False
Is 30572027 prime?
False
Is 1930627 prime?
True
Is 157621 a composite number?
True
Is 11762017 prime?
False
Is 221056091 a composite number?
False
Is 13027847 composite?
True
Is 44975057 prime?
True
Is 6906881 prime?
True
Is 55922927 a composite number?
False
Is 4023619 composite?
False
Is 660130231 prime?
False
Is 66718567 a composite number?
True
Is 9122629 a composite number?
False
Is 67810839 composite?
True
Is 196249289 composite?
False
Is 218817581 a prime number?
False
Is 836873 prime?
True
Is 1310923 a composite number?
False
Is 1344205 a composite number?
True
Is 1000409 prime?
True
Is 831862289 composite?
True
Is 350651 a prime number?
False
Is 45430223 prime?
True
Is 1813583 a composite number?
False
Is 1788727 composite?
False
Is 5837089 a composite number?
True
Is 152774177 composite?
False
Is 656705317 prime?
True
Is 3351179 composite?
True
Is 11310731 a composite number?
True
Is 3996731 a composite number?
True
Is 11864311 a composite number?
False
Is 3300883 prime?
True
Is 3352879 a prime number?
True
Is 44310973 a prime number?
False
Is 23128021 prime?
False
Is 161098889 composite?
True
Is 1464751 composite?
False
Is 130015811 prime?
True
Is 37034251 a composite number?
True
Is 10549661 prime?
True
Is 867253 a prime number?
True
Is 111113 composite?
True
Is 1718441 composite?
False
Is 1855457 composite?
False
Is 113904421 composite?
False
Is 2496973 a composite number?
False
Is 19130603 composite?
False
Is 738053 prime?
True
Is 56237278 composite?
True
Is 43651241 a prime number?
True
Is 402329 composite?
False
Is 361896331 prime?
True
Is 318776909 prime?
False
Is 8853971 a prime number?
False
Is 3394093 prime?
False
Is 798043 a prime number?
True
Is 30907121 composite?
True
Is 16392559 prime?
False
Is 8103001 a prime number?
False
Is 94794967 prime?
False
Is 1507757 a composite number?
True
Is 2383874 a composite number?
True
Is 333671 composite?
True
Is 9586897 a composite number?
False
Is 159545941 prime?
True
Is 6882401 composite?
True
Is 8801959 prime?
False
Is 23926541 a prime number?
True
Is 4632611 a composite number?
False
Is 11313017 a composite number?
True
Is 6113579 a composite number?
False
Is 108452765 a composite number?
True
Is 6241909 composite?
True
Is 43339489 composite?
False
Is 430691 prime?
True
Is 23025503 a prime number?
False
Is 435032369 a prime number?
True
Is 161065946 composite?
True
Is 9612503 composite?
True
Is 6727953 a composite number?
True
Is 16227303 composite?
True
Is 215145685 a prime number?
False
Is 33390789 a prime number?
False
Is 47525165 composite?
True
Is 284295949 composite?
True
Is 56607233 a composite number?
True
Is 25311787 a composite number?
False
Is 17604347 composite?
False
Is 4140593 a composite number?
True
Is 974773 composite?
False
Is 3042553 a prime number?
True
Is 1579289 a prime number?
False
Is 39670637 a composite number?
True
Is 1729661 prime?
False
Is 97176107 prime?
False
Is 6630787 a prime number?
False
Is 33100843 composite?
False
Is 4642889 prime?
True
Is 211027 prime?
False
Is 7188587 a composite number?
True
Is 25488031 prime?
True
Is 178313329 composite?
False
Is 11593369 prime?
False
Is 8062169 a prime number?
True
Is 4095343193 a prime number?
True
Is 63358381 composite?
False
Is 37189547 a composite number?
False
Is 15879181 prime?
False
Is 71285821 prime?
False
Is 3003991 prime?
False
Is 6521171 prime?
False
Is 123803347 a composite number?
False
Is 109609 a composite number?
False
Is 128633943 composite?
True
Is 2196803 composite?
True
Is 143641009 prime?
True
Is 425798821 composite?
True
Is 44985833 composite?
True
Is 373058419 composite?
False
Is 16464613 composite?
True
Is 2050341 a prime number?
False
Is 1823303 composite?
False
Is 220783763 a composite number?
False
Is 1614307 prime?
True
Is 610441 prime?
False
Is 260392557 a composite number?
True
Is 67157449 a composite number?
True
Is 150231023 a composite number?
True
Is 2883187 composite?
False
Is 13784293 a composite number?
True
Is 1199051 a composite number?
True
Is 1610279 composite?
True
Is 1599223 prime?
False
Is 168895717 prime?
False
Is 78131351 a prime number?
False
Is 214230577 a composite number?
True
Is 4668451 a prime number?
True
Is 4699001 prime?
False
Is 2115989 a prime number?
False
Is 348077 composite?
False
Is 2280383 composite?
True
Is 15929761 a composite number?
False
Is 14555809 composite?
False
Is 10849733 composite?
True
Is 294629 prime?
True
Is 